 digit of z(5)?
1
Let n(d) = 9*d**2 - d. Let c be n(1). Let u be 1/(-1*3/(-12)). Suppose -c*b + 32 = -u*b. What is the units digit of b?
8
Suppose -3*a - 6 = 0, 0 = 2*k + 4*a + 2 + 6. Suppose k*g = -2*g + 38. What is the tens digit of g?
1
Suppose 0*b + 4*b - 5 = -3*c, 0 = b - 5*c - 30. Let a be (-3)/(-2)*(30 - 0). Suppose -6 - 29 = -5*h + g, b*h + g = a. What is the units digit of h?
8
Let q(y) = -y**3 - 23*y**2 - 28*y - 19. What is the tens digit of q(-22)?
1
Let u = -77 + 115. What is the tens digit of u?
3
Let h(m) = -m**2 - 37*m + 30. What is the hundreds digit of h(-23)?
3
Let t = -57 + 86. What is the tens digit of t?
2
What is the units digit of (-240)/(-7) - 8/28?
4
Let g(c) = c**2 + 4*c - 4. Let i be g(-5). What is the tens digit of i/3 + (-32)/(-3)?
1
Suppose 15 = 3*j + 2*j. Let z be (2/3)/(2/j). Let n = 9 - z. What is the units digit of n?
8
Let q = 8 - 6. Suppose -2*p - q*p = -68. What is the units digit of p?
7
Suppose 2*f + 4 + 0 = 0. Let l = f + 1. Let m = 1 - l. What is the units digit of m?
2
Let d be (-99)/(-21) + 2/7. Suppose -d*n - 2 = -7. What is the units digit of 21*1/3*n?
7
Let l(r) = -3*r**2 - 2*r - 2. Let u be l(-3). Let s = 39 + u. Suppose 5*w - 41 = -s. What is the units digit of w?
5
What is the tens digit of (-231)/(-4) + 9/36?
5
Suppose 0*o + 2*o - 22 = 0. Suppose -3*c + o = -4. What is the units digit of c?
5
What is the units digit of (-9)/15*(-345)/1?
7
Let v be 8/6*(-6)/(-4). Let u = 6 + v. What is the units digit of u?
8
Let s = -110 + 197. What is the units digit of s?
7
Let h(i) = i + 6. Let z(b) = 2*b + 13. Let c(g) = 7*h(g) - 3*z(g). Suppose -5*y = -2*y - 15. What is the units digit of c(y)?
8
Suppose 2*r = 6*r + 16. Let v(y) = 6*y**3 + 10*y**2 - y + 8. Let u(m) = 5*m**3 + 9*m**2 + 7. Let h(z) = r*v(z) + 5*u(z). What is the units digit of h(-4)?
3
Suppose -s = 5 - 6. What is the units digit of s?
1
Let q be 53/5 + 2/5. Suppose -q = -p - 5*b, 3*p + 5*b - 15 = -2*p. What is the units digit of p?
1
Let u be (-1 + 0)/((-8)/16). Let l(o) = o**2 + 2*o + 2. Let d be l(-2). Suppose -b - d*b - 8 = -u*y, -b - 2 = 0. What is the units digit of y?
1
Let q = -4 + 4. Suppose q = -4*d + 2*d - 12. Let b(z) = z**3 + 5*z**2 - 8*z - 1. What is the units digit of b(d)?
1
Suppose -f + 14 + 50 = 0. What is the tens digit of f?
6
What is the hundreds digit of 6/(-21) - 8528/(-56)?
1
Suppose 2*d = -10, -l + 5*l + 3*d = 29. Let z(w) = w + 1. Let m be z(l). Let k = 17 - m. What is the units digit of k?
5
Suppose -r - 360 = -6*r. Suppose 5*b = b + r. What is the tens digit of b?
1
What is the hundreds digit of (-6)/(-12) - (-2)/((-4)/(-301))?
1
Let p = -11 + 13. What is the tens digit of p/(-4) - (-189)/6?
3
Let z(a) = -40*a - 13. What is the tens digit of z(-4)?
4
Let q(f) = 6*f + 2. What is the units digit of q(5)?
2
Suppose 5*u - 95 = -i - 2*i, 0 = 3*i + u - 103. What is the tens digit of i?
3
Suppose 3*z - z = 10. Suppose 3*v - z*x - 58 = 0, -v = v - 2*x - 32. What is the units digit of v?
1
Let f = 59 + -28. Suppose b = 3*v + f, -5*b + v + 69 = -b. What is the units digit of b?
6
Let b(l) = -l + 18. Let r be b(13). Suppose 2*o = 3*o + r*v - 25, -44 = -5*o + 2*v. What is the units digit of o?
0
Let v(x) = x**3 + 9*x**2 + 8*x + 7. Let l be v(-8). Let q(g) = -g**3 + 4*g**2 + 0 + 2*g**2 + 8*g + 2. What is the units digit of q(l)?
9
Let f(u) = -148*u**3 + 1. What is the units digit of f(-1)?
9
Let a(m) = m**3 - 5*m**2 + 2*m - 4. Let l be a(4). What is the units digit of (l/9)/((-2)/3)?
2
Let b be -3*(1/3 - 1). Suppose -5*n - 13 = -3*q, -n = -3*q - b*n + 37. What is the units digit of q?
1
What is the hundreds digit of (354/(-10))/((-10)/(-25))*-2?
1
Suppose q - 18 = 33. Let t = -26 + q. What is the tens digit of t?
2
Let p(v) = -2*v + v + 5*v - v + 3. What is the tens digit of p(8)?
2
Let d be 810/42 - (-6)/(-21). Let j = -19 + 7. Let g = j + d. What is the units digit of g?
7
Let o(z) = z**2 - 6*z - 3. Let a be o(8). What is the units digit of (-3)/(-3)*a + 0?
3
Let v(w) = 2*w**2 - w + 2 + 4*w**2 + w**3 - 1. What is the units digit of v(-6)?
7
Let o = -92 - -146. What is the units digit of o?
4
Suppose -4*f + 148 = -348. What is the tens digit of f?
2
Let u(i) = -27*i - 24. What is the hundreds digit of u(-7)?
1
Suppose 5*h - 4*r + 2*r - 270 = 0, 4*h = -r + 216. What is the units digit of h?
4
Suppose -f + 32 + 40 = 0. What is the units digit of f?
2
What is the units digit of ((-6)/(-14))/(2/14)?
3
Suppose -11*r = -15*r + 308. What is the units digit of r?
7
Let s(v) = 5*v**2 - 3*v + 1. What is the units digit of s(2)?
5
Let t(s) = -s**3 - 8*s**2 + 3. Let u be t(-8). Suppose -22 = -j + u*j. Let i = -5 - j. What is the units digit of i?
6
Suppose -69 + 78 = l. What is the units digit of l?
9
Suppose 4*j = -5*z + j + 34, -3*j - 38 = -4*z. Suppose f - k = 8, f + 3*k - z = -0*k. Let a = f + 13. What is the units digit of a?
1
Let c be 2/8*(12 + 8). Suppose -c*s = -2*s - 30. What is the units digit of s?
0
What is the units digit of (-1)/(-6) - (423/(-54) - 2)?
0
Suppose 2*x - 3*x = -5. Suppose w + x = 12. What is the units digit of 1/2 + w/2?
4
Let b = 20 + 9. What is the units digit of b?
9
Let c(x) = -x**3 + 6*x**2 + x - 8. Let n be c(6). Let y be 71/1 - (-3 - n). Suppose 0 = -3*r - r + y. What is the units digit of r?
8
Suppose t + 1 = 3. Suppose -t*n - 4*a + 17 = -n, 0 = 2*a - 8. What is the units digit of n?
1
Let g(t) = -2*t + 79. What is the tens digit of g(0)?
7
Suppose 3*x = 2*i - 7 - 3, 5*i = -3*x + 4. What is the tens digit of (4*5)/(i/1)?
1
Let c(j) = -j**3 + 10*j**2 - 9*j + 13. Let o be 1 + (13 - 4) + -1. What is the units digit of c(o)?
3
Let r(s) = -2*s**3 - 4*s**2. Let f = 1 - 4. What is the tens digit of r(f)?
1
What is the units digit of 95/(-1)*(20/(-25) + 0)?
6
Let l = 6 + -2. Suppose -l*i + i + 5*v = -7, -v + 17 = 4*i. Let m = 3 + i. What is the units digit of m?
7
Let p(o) = -o**2 - 13*o + 5. Suppose 3*q = -4*f - 48, 3*q - q + 9 = 5*f. What is the tens digit of p(q)?
1
Suppose 3*x + 2*x = 180. What is the units digit of x?
6
What is the units digit of (-9)/21 - (-360)/7?
1
Let t(r) = 6*r**3 - r**2 + 1. Let k(j) = 11*j**3 - 2*j**2 + 2. Let x(y) = -3*k(y) + 5*t(y). What is the tens digit of x(-2)?
2
Let y(d) = -4*d + 1. Let j(p) = -17*p + 4. Let l(b) = 4*j(b) - 18*y(b). What is the units digit of l(2)?
6
What is the tens digit of (-2)/15 - 257/(-15)?
1
Let p(n) = -n**3 + 3*n**2 + 6*n - 5. Let s be p(4). Suppose -s*q + 16 + 0 = -a, -a - 20 = -4*q. Let z = 10 - q. What is the units digit of z?
6
Let f = 7 - 12. Let y be 5*f/(50/(-12)). Suppose 5*o - y - 20 = -3*d, 0 = -2*o + 4*d. What is the units digit of o?
4
Let o = -1 + 0. Let z be 1 - (1/1)/o. Suppose q = -z*q + 3. What is the units digit of q?
1
Let b(x) = x**3 - 4*x**2 + 4*x - 4. Let l be b(3). Let y be (12 - l)/(-3 + 2). Let a = y + 19. What is the units digit of a?
6
Let k = 16 - 18. What is the units digit of k + 0/(-2) + 7?
5
Let t be 4/(-10) + 756/(-35). Let c = t + 39. What is the tens digit of c?
1
Suppose -6 = 4*m - 14. Let j = m - -1. What is the units digit of j?
3
Let k = -2 - 7. Let z be (-14)/63 + 124/k. Let t = -1 - z. What is the tens digit of t?
1
Let n(p) = p**2 - 9*p - 2. What is the units digit of n(11)?
0
Suppose -5*j + 5*d + 20 = 0, j + 2*d = -0*j + 19. What is the units digit of j?
9
Let w = -2 - 5. Let i = w - -11. What is the units digit of i?
4
Suppose -2*t - 108 = -6*t. What is the tens digit of t?
2
Let q = -284 + 541. What is the units digit of q?
7
Suppose -n = 3*n + 296. What is the units digit of n/(-4) - 4/(-8)?
9
Suppose 4*t + 22 = -5*h, -2*t + 4*t + 5*h = -16. What is the units digit of 30 + (-4)/(-6)*t?
8
Let o = 5 - 5. Suppose o = y + 36 - 11. What is the units digit of (-10)/y - (-8)/5?
2
Let q be 14/(-3) + (-2)/(-3). Let v be (-1)/2 - (-30)/q. Let l = v - -17. What is the units digit of l?
9
Let f(u) = 4*u + 0 + 0*u - u**2 + 0 - 1. Let k be f(2). Suppose 0 - 12 = -k*h. What is the units digit of h?
4
What is the tens digit of (-1 + 20/8)/((-3)/(-68))?
3
Let c(u) = -u**3 + 8*u**2 - 2*u - 7. What is the tens digit of c(7)?
2
Let u = -1 + 3. Suppose -3*f + 0 = -v + 2, 0 = -v - u*f + 7. What is the units digit of v?
5
Let r(y) = 2*y**3 + 4*y**2 - 3*y**3 - 9*y**2 - 5*y + 2. Let z be -4 - (-1 - 0) - 1. What is the units 